remainder when 8020 is divided by 802?
0
What is the remainder when 366 is divided by 350?
16
Calculate the remainder when 239 is divided by 53.
27
Calculate the remainder when 224 is divided by 58.
50
What is the remainder when 600 is divided by 249?
102
Calculate the remainder when 355 is divided by 126.
103
What is the remainder when 357 is divided by 67?
22
What is the remainder when 116 is divided by 35?
11
What is the remainder when 8595 is divided by 226?
7
Calculate the remainder when 15 is divided by 3.
0
What is the remainder when 120 is divided by 31?
27
Calculate the remainder when 44041 is divided by 28.
25
Calculate the remainder when 474 is divided by 66.
12
Calculate the remainder when 2670 is divided by 889.
3
What is the remainder when 248 is divided by 18?
14
Calculate the remainder when 358 is divided by 2.
0
What is the remainder when 528 is divided by 19?
15
What is the remainder when 2139 is divided by 177?
15
Calculate the remainder when 2826 is divided by 28.
26
Calculate the remainder when 383 is divided by 103.
74
What is the remainder when 280 is divided by 42?
28
Calculate the remainder when 1888 is divided by 63.
61
What is the remainder when 57 is divided by 24?
9
Calculate the remainder when 506 is divided by 120.
26
What is the remainder when 1358 is divided by 24?
14
What is the remainder when 302 is divided by 92?
26
What is the remainder when 1705 is divided by 81?
4
What is the remainder when 1902 is divided by 29?
17
Calculate the remainder when 4451 is divided by 21.
20
What is the remainder when 170 is divided by 56?
2
What is the remainder when 120 is divided by 31?
27
Calculate the remainder when 177 is divided by 7.
2
What is the remainder when 12 is divided by 10?
2
Calculate the remainder when 8242 is divided by 9.
7
Calculate the remainder when 6207 is divided by 64.
63
What is the remainder when 296 is divided by 34?
24
Calculate the remainder when 80 is divided by 15.
5
What is the remainder when 1700 is divided by 114?
104
What is the remainder when 503 is divided by 7?
6
What is the remainder when 1186 is divided by 29?
26
Calculate the remainder when 689 is divided by 168.
17
What is the remainder when 2435 is divided by 807?
14
Calculate the remainder when 38 is divided by 11.
5
What is the remainder when 19357 is divided by 40?
37
Calculate the remainder when 2946 is divided by 17.
5
What is the remainder when 4047 is divided by 18?
15
Calculate the remainder when 361 is divided by 75.
61
What is the remainder when 1405 is divided by 32?
29
Calculate the remainder when 179 is divided by 47.
38
What is the remainder when 8277 is divided by 120?
117
Calculate the remainder when 3377 is divided by 26.
23
Calculate the remainder when 12301 is divided by 16.
13
What is the remainder when 2515 is divided by 251?
5
Calculate the remainder when 1378 is divided by 5.
3
What is the remainder when 588 is divided by 66?
60
What is the remainder when 533 is divided by 89?
88
Calculate the remainder when 289 is divided by 59.
53
Calculate the remainder when 50 is divided by 12.
2
What is the remainder when 185 is divided by 27?
23
What is the remainder when 1228 is divided by 435?
358
Calculate the remainder when 90 is divided by 34.
22
What is the remainder when 112 is divided by 42?
28
What is the remainder when 631 is divided by 209?
4
What is the remainder when 83497 is divided by 167?
164
Calculate the remainder when 205 is divided by 11.
7
Calculate the remainder when 414 is divided by 53.
43
What is the remainder when 272 is divided by 85?
17
What is the remainder when 268 is divided by 159?
109
What is the remainder when 73 is divided by 71?
2
What is the remainder when 2298 is divided by 13?
10
What is the remainder when 169 is divided by 59?
51
Calculate the remainder when 92 is divided by 40.
12
Calculate the remainder when 574 is divided by 97.
89
Calculate the remainder when 1798 is divided by 57.
31
Calculate the remainder when 149 is divided by 53.
43
What is the remainder when 17135 is divided by 209?
206
What is the remainder when 990 is divided by 984?
6
What is the remainder when 265 is divided by 45?
40
What is the remainder when 3574 is divided by 149?
147
What is the remainder when 157 is divided by 18?
13
What is the remainder when 127 is divided by 26?
23
Calculate the remainder when 176 is divided by 33.
11
Calculate the remainder when 124 is divided by 57.
10
Calculate the remainder when 137 is divided by 18.
11
Calculate the remainder when 1613 is divided by 100.
13
Calculate the remainder when 4902 is divided by 326.
12
What is the remainder when 26602 is divided by 12?
10
Calculate the remainder when 1000 is divided by 93.
70
What is the remainder when 256 is divided by 53?
44
What is the remainder when 1298 is divided by 10?
8
What is the remainder when 549 is divided by 86?
33
What is the remainder when 54 is divided by 23?
8
Calculate the remainder when 136 is divided by 71.
65
What is the remainder when 488 is divided by 99?
92
What is the remainder when 378 is divided by 48?
42
What is the remainder when 858 is divided by 96?
90
What is the remainder when 615 is divided by 78?
69
Calculate the remainder when 120 is divided by 56.
8
Calculate the remainder when 392 is divided by 198.
194
Calculate the remainder when 56 is divided by 19.
18
What is the remainder when 960 is divided by 156?
24
Calculate the remainder when 592 is divided by 22.
20
What is the remainder when 730 is divided by 17?
16
Calculate the remainder when 4858 is divided by 68.
30
Calculate the remainder when 261 is divided by 131.
130
What is the remainder when 681 is divided by 57?
54
Calculate the remainder when 15274 is divided by 57.
55
Calculate the remainder when 92 is divided by 83.
9
Calculate the remainder when 519 is divided by 8.
7
Calculate the remainder when 261 is divided by 33.
30
Calculate the remainder when 548 is divided by 25.
23
Calculate the remainder when 145 is divided by 39.
28
What is the remainder when 305 is divided by 17?
16
What is the remainder when 4031 is divided by 14?
13
Calculate the remainder when 150 is divided by 38.
36
Calculate the remainder when 1653 is divided by 6.
3
What is the remainder when 965 is divided by 88?
85
What is the remainder when 4289 is divided by 36?
5
Calculate the remainder when 2225 is divided by 53.
52
Calculate the remainder when 11900 is divided by 64.
60
Calculate the remainder when 207 is divided by 22.
9
What is the remainder when 10603 is divided by 15?
13
What is the remainder when 692 is divided by 407?
285
Calculate the remainder when 2648 is divided by 17.
13
Calculate the remainder when 2537 is divided by 94.
93
Calculate the remainder when 59 is divided by 4.
3
What is the remainder when 244 is divided by 19?
16
What is the remainder when 257 is divided by 68?
53
Calculate the remainder when 1098 is divided by 101.
88
Calculate the remainder when 324 is divided by 150.
24
Calculate the remainder when 1821 is divided by 38.
35
What is the remainder when 5238 is divided by 12?
6
Calculate the remainder when 250 is divided by 21.
19
What is the remainder when 201 is divided by 93?
15
What is the remainder when 375 is divided by 340?
35
Calculate the remainder when 1227 is divided by 82.
79
What is the remainder when 478 is divided by 16?
14
Calculate the remainder when 2899 is divided by 171.
163
What is the remainder when 4419 is divided by 33?
30
Calculate the remainder when 4522 is divided by 78.
76
What is the remainder when 292 is divided by 42?
40
Calculate the remainder when 230 is divided by 6.
2
What is the remainder when 1377 is divided by 137?
7
What is the remainder when 1410 is divided by 202?
198
Calculate the remainder when 6661 is divided by 28.
25
Calculate the remainder when 257 is divided by 20.
17
Calculate the remainder when 155 is divided by 108.
47
Calculate the remainder when 984 is divided by 154.
60
Calculate the remainder when 61856 is divided by 237.
236
What is the remainder when 342 is divided by 11?
1
Calculate the remainder when 538 is divided by 21.
13
Calculate the remainder when 1100 is divided by 41.
34
What is the remainder when 64 is divided by 11?
9
What is the remainder when 193 is divid